{"id":93,"date":"2011-12-12T00:49:01","date_gmt":"2011-12-11T23:49:01","guid":{"rendered":"http:\/\/albertorios.eu\/?page_id=93"},"modified":"2020-10-24T15:56:28","modified_gmt":"2020-10-24T14:56:28","slug":"areas-de-interes","status":"publish","type":"page","link":"https:\/\/albertorios.eu\/?page_id=93","title":{"rendered":"\u00c1reas de Inter\u00e9s"},"content":{"rendered":"<ul>\n<li><span style=\"color: #000000;\">Dise\u00f1o y Dimensionado de Sistemas Renovables de Generaci\u00f3n El\u00e9ctrica<\/span><\/li>\n<\/ul>\n<ul>\n<li><span style=\"color: #000000;\">Estudios de Integraci\u00f3n de Energ\u00edas Renovables en el Sistema El\u00e9ctrico<\/span><\/li>\n<\/ul>\n<ul>\n<li><span style=\"color: #000000;\">Estrategias de Sostenibilidad en el Sector Transporte<\/span><\/li>\n<\/ul>\n<ul>\n<li><span style=\"color: #000000;\">Dise\u00f1o y Dimensionado de Edificios con Zero Emisiones<\/span><\/li>\n<\/ul>\n<ul>\n<li><span style=\"color: #000000;\">Acciones de Ahorro y Eficiencia Energ\u00e9tica en el Sector Industrial y Residencial<\/span><\/li>\n<\/ul>\n<ul>\n<li><span style=\"color: #000000;\">An\u00e1lisis en R\u00e9gimen Permanente y Transitorio\u00a0de Sistemas El\u00e9ctricos con Alta Penetraci\u00f3n de Energ\u00edas Renovables<\/span><\/li>\n<\/ul>\n<ul>\n<li><span style=\"color: #000000;\">Mecanismos de Integraci\u00f3n de Energ\u00edas Renovables en Mercados El\u00e9ctricos Liberalizados<\/span><\/li>\n<\/ul>\n<ul>\n<li><span style=\"color: #000000;\">Dise\u00f1o y Dimensionado de Instalaciones El\u00e9ctricas<\/span><\/li>\n<\/ul>\n<ul>\n<li><span style=\"color: #000000;\">L\u00edneas A\u00e9reas de Transmisi\u00f3n Compactas<\/span><\/li>\n<\/ul>\n<ul>\n<li><span style=\"color: #000000;\">Modelado Matem\u00e1tico de Sistemas Renovables de Generaci\u00f3n El\u00e9ctrica<\/span><\/li>\n<\/ul>\n<ul>\n<li><span style=\"color: #000000;\">Sistemas Inteligentes de Generaci\u00f3n Distribuida<\/span><\/li>\n<\/ul>\n<ul>\n<li><span style=\"color: #000000;\">Coordinaci\u00f3n Hidro-T\u00e9rmica con Alta Penetraci\u00f3n de Energ\u00eda E\u00f3lica<\/span><\/li>\n<\/ul>\n<ul>\n<li><span style=\"color: #000000;\">Planificaci\u00f3n a Largo Plazo de Sistemas Energ\u00e9ticos<\/span><\/li>\n<\/ul>\n<!-- AddThis Advanced Settings generic via filter on the_content --><!-- AddThis Share Buttons generic via filter on the_content -->","protected":false},"excerpt":{"rendered":"<p>Dise\u00f1o y Dimensionado de Sistemas Renovables de Generaci\u00f3n El\u00e9ctrica Estudios de Integraci\u00f3n de Energ\u00edas Renovables en el Sistema El\u00e9ctrico Estrategias de Sostenibilidad en el Sector Transporte Dise\u00f1o y Dimensionado de Edificios con Zero Emisiones Acciones de Ahorro y Eficiencia Energ\u00e9tica &hellip; <a href=\"https:\/\/albertorios.eu\/?page_id=93\">Sigue leyendo <span class=\"meta-nav\">&rarr;<\/span><\/a><!-- AddThis Advanced Settings generic via filter on wp_trim_excerpt --><!-- AddThis Share Buttons generic via filter on wp_trim_excerpt --><\/p>\n","protected":false},"author":1,"featured_media":0,"parent":0,"menu_order":0,"comment_status":"closed","ping_status":"open","template":"","meta":{"footnotes":""},"class_list":["post-93","page","type-page","status-publish","hentry"],"_links":{"self":[{"href":"https:\/\/albertorios.eu\/index.php?rest_route=\/wp\/v2\/pages\/93","targetHints":{"allow":["GET"]}}],"collection":[{"href":"https:\/\/albertorios.eu\/index.php?rest_route=\/wp\/v2\/pages"}],"about":[{"href":"https:\/\/albertorios.eu\/index.php?rest_route=\/wp\/v2\/types\/page"}],"author":[{"embeddable":true,"href":"https:\/\/albertorios.eu\/index.php?rest_route=\/wp\/v2\/users\/1"}],"replies":[{"embeddable":true,"href":"https:\/\/albertorios.eu\/index.php?rest_route=%2Fwp%2Fv2%2Fcomments&post=93"}],"version-history":[{"count":28,"href":"https:\/\/albertorios.eu\/index.php?rest_route=\/wp\/v2\/pages\/93\/revisions"}],"predecessor-version":[{"id":3082,"href":"https:\/\/albertorios.eu\/index.php?rest_route=\/wp\/v2\/pages\/93\/revisions\/3082"}],"wp:attachment":[{"href":"https:\/\/albertorios.eu\/index.php?rest_route=%2Fwp%2Fv2%2Fmedia&parent=93"}],"curies":[{"name":"wp","href":"https:\/\/api.w.org\/{rel}","templated":true}]}}